h = 134 + o. What is the remainder when h is divided by 8?
2
Let l = -432 - -448. Calculate the remainder when 181 is divided by l.
5
Let u = -1 - -3. Let k = 92 + -11. Suppose -k = -3*i + u*i. What is the remainder when i is divided by 28?
25
Suppose 904*t - 784 = 900*t. Calculate the remainder when t is divided by 19.
6
Suppose -22*c = -76 - 56. Calculate the remainder when 63 is divided by c.
3
Let f(z) = -z**2 - 10*z - 13. Let v be f(-9). Calculate the remainder when 47 - -2 - v - -4 is divided by 20.
17
Suppose 0 = -d + 4*r - 7, 4*d - 4*r = -d + 13. Suppose 0 = 2*o + o - d*s - 118, 4*o - 148 = 2*s. Calculate the remainder when o is divided by 10.
6
Let x = 55 - 38. Suppose m + 0*m = 5*i + x, 0 = 2*m - 2*i - 18. Let o(s) = s**3 - 2*s**2 + s. Calculate the remainder when o(3) is divided by m.
5
Suppose 0 = 4*h - 3*x + 5*x + 18, h + 4*x + 15 = 0. What is the remainder when 14/(-21) - 116/h is divided by 10?
8
Suppose u + 4*u = 0. Let j be 1/3*(6 - u). Suppose -c - 3*m - 3 = -19, j*m - 2 = 0. Calculate the remainder when c is divided by 5.
3
Suppose 4*t - 2*t = -u - 6, -3*u + 2*t + 22 = 0. Suppose 24 = -0*c + u*c. Suppose 6*s - 36 = 2*s. Calculate the remainder when s is divided by c.
3
Suppose 0 = -5*n - 4*v + 66, -2*n + 3*n + 5*v = 9. What is the remainder when 81 is divided by n?
11
Let u(k) be the first derivative of -k**2 + 37*k - 14. Calculate the remainder when 33 is divided by u(15).
5
Suppose 675 = 7*h + 2*h. What is the remainder when h is divided by 40?
35
Suppose 5*x = 9 + 81. Let c = -2076 - -2127. Calculate the remainder when c is divided by x.
15
Calculate the remainder when (-15)/(-3)*(5 - (-7 - -4)) is divided by 22.
18
Let k = -22 - -32. Let p be 28 - k/(4 - -1). Suppose 3*n - 5*n + p = 0. Calculate the remainder when n is divided by 8.
5
Let s(c) = -4*c**2 - 5*c + 1. Let z be s(5). Let v = z - -173. Calculate the remainder when v is divided by 25.
24
Let b(c) = c**3 + 8*c**2 + c + 2. Let f be b(-8). Let i = 4 - f. Calculate the remainder when i is divided by 3.
1
Suppose 5*j + 12 + 27 = 2*i, 2*j = 4*i - 6. Let r = j - -13. Suppose 0*m = 4*m - r*f - 228, 147 = 3*m + 3*f. Calculate the remainder when m is divided by 27.
26
Calculate the remainder when 20 - (-2)/2 - 0 is divided by (-8)/(-28) - (-270)/35.
5
Let k(w) = -16*w + 1. Let h = 0 + -8. Let t(m) = -4*m - 23. Calculate the remainder when k(-2) is divided by t(h).
6
Suppose -177 = 4*u - 597. Let j = u - 87. What is the remainder when 32 is divided by j?
14
Let t(q) = 2*q. Let l = -6 + 10. Let a = 9 - l. Calculate the remainder when 18 is divided by t(a).
8
Let s be 16/64 + 15/4. Suppose s*z + 188 = 6*z. Suppose h = -2*u - h + z, -5*h = u - 39. What is the remainder when u is divided by 17?
15
Let m(k) = k**3 + 6*k**2 + 5*k - 3. Let s be m(-4). Let l = 1 + s. What is the remainder when 47 is divided by l?
7
Suppose 82*x - 91*x + 1440 = 0. Let a = 41 + 0. What is the remainder when x is divided by a?
37
Suppose -3*h + 0*z = z + 8, 0 = -4*h + 4*z. What is the remainder when 5/(-20)*h*262 is divided by 11?
10
Let i(n) = n**2 - 8*n - 4. Let l be i(-8). Suppose -q - 3*q = -l. Calculate the remainder when q is divided by -1 + 1*7 + (-70)/(-35).
7
Suppose 3*m - 8 = -2. Let f(d) = 7*d + 4. What is the remainder when 34 is divided by f(m)?
16
Suppose 19 - 58 = -3*o. Let d(k) = -4*k + 2. Let b be d(-2). Let n = o - b. Calculate the remainder when 4 is divided by n.
1
Suppose m - 5*x - 15 = 0, 2*m + 2*m = -3*x + 14. Suppose 0 = -m*v + 4*w + 106, 0 = 4*v - v - 3*w - 63. Calculate the remainder when 108 is divided by v.
20
Suppose 0 = 3*w - 0*w - 78. Suppose -36*f = -28*f - 120. What is the remainder when w is divided by f?
11
Let n(i) = -i**3 + 45*i**2 + 51*i + 102. Calculate the remainder when n(46) is divided by 56.
52
Suppose -f - 3*j + 2*j = -22, -4*j = f - 34. Suppose 2*d - 10 = -3*a, -a + f = -6*d + 3*d. What is the remainder when 37 is divided by a?
1
Let l(j) = 2*j**2 - 49*j - 66. Calculate the remainder when l(27) is divided by 14.
13
Let n(g) = -9*g - 48. Let r = 82 - 89. Calculate the remainder when n(r) is divided by 5.
0
Let q = 4 - 2. Let z be 23/2*(q + 0). Suppose g + 0 = z. What is the remainder when 43 is divided by g?
20
Let a(r) = -r**3 + 17*r**2 + 21*r - 24. What is the remainder when a(18) is divided by 2?
0
Suppose -5*a + q = -688, 0 = a + 2*q - 4*q - 143. Calculate the remainder when a is divided by 26.
7
Suppose -31*w = -33*w - 22. Let b = 14 + w. Suppose -96 = -b*f - 0*f. Calculate the remainder when f is divided by 11.
10
Let w(t) = t**3 + t**2 - 1. Let g(j) = 7*j**3 + 4*j**2 + 27. Let o(y) = g(y) - 6*w(y). Calculate the remainder when 130 is divided by o(0).
31
Let m = -222 - -238. Calculate the remainder when 58 is divided by m.
10
Suppose -2*v - 18 - 148 = -4*f, 0 = -4*f + 3*v + 165. What is the remainder when 120 is divided by f?
36
Let c be 3*(-3)/(-9) + 6. Calculate the remainder when 8/(-8) + 3*c is divided by 7.
6
Suppose 5*n + 3*s - 476 = 0, -3*n + 14*s = 9*s - 272. Calculate the remainder when n is divided by 12.
10
Suppose 3*z + 5*b - 399 = 0, -17*b + 12*b = z - 133. Calculate the remainder when z is divided by 42.
7
Suppose 778 = 11*f + 470. What is the remainder when 101 is divided by f?
17
Suppose 0*d - u = -d + 51, 0 = 4*u - 12. Let n(c) = 11*c**2 + 12*c + 3 + 21 + c**3 + 9 + 1. Calculate the remainder when d is divided by n(-10).
12
What is the remainder when 18/30 + (-3546)/(-15) + -2 is divided by 59?
58
Let o(b) be the first derivative of b**4/4 - 6*b**3 + b**2 - 21*b - 12. Calculate the remainder when o(18) is divided by 9.
6
Suppose -540*g - 55 = -551*g. Calculate the remainder when 79 is divided by g.
4
Let a = 4 + 16. Let z = 2531 + -2516. Calculate the remainder when a is divided by z.
5
Suppose 2*q - 2*d - 88 = -2*q, 4*d - 16 = 0. Let j = 9 - q. What is the remainder when (6/j)/(3/(-285)) is divided by 10?
8
Suppose 221 = 5*r + 2*j, 233 = 5*r - j + 21. What is the remainder when r is divided by 17 - ((-2)/(-12) - (-1488)/(-288))?
21
Let f = -50 - 11. Let l = f + 107. Calculate the remainder when l is divided by 8.
6
Suppose 0 = -3*c - 3*k - 3, 3*k + 20 = -2*k. Let y be (-1)/(-3)*21 + c. Let g = -6 + y. Calculate the remainder when 4 is divided by g.
0
Let b(k) = 337*k - 11. Calculate the remainder when b(1) is divided by 87.
65
Let m(c) = -c**3 - 11*c**2 - 21*c - 9. What is the remainder when 375 is divided by m(-9)?
15
Let k(l) = -l**2 - 21*l - 24. Let j be k(-19). Let q = j - 6. Suppose u = -0*u + 39. Calculate the remainder when u is divided by q.
7
Suppose 5*d + 6 = 2*o, 0 = 2*o - d - 3*d - 10. What is the remainder when 28 is divided by o?
2
Let x = 9 - -16. Suppose -21*g - 200 = -x*g. Calculate the remainder when g is divided by 26.
24
Suppose 0 = -8*d + 3*d - 5. Let i(y) = 6*y**2 - 4*y - 3. What is the remainder when 37 is divided by i(d)?
2
Let h = -34 + 40. Let l be (-2)/(-2) - (h + 1405). Calculate the remainder when 4/(-14) + l/(-35) is divided by 21.
19
Suppose 11*q - 18*q = -28. Suppose 0*g = -g - 3*k + 4, 2*k - 36 = -4*g. What is the remainder when g is divided by q?
2
Let c be 26/6 - (-8)/12. Suppose 42 + 38 = c*w. Calculate the remainder when w is divided by (1/(-3))/(14/(-252)).
4
Let i = 81 - -291. Calculate the remainder when i is divided by 75.
72
Let v = -2 + -7. Suppose -3*j = 3*d + 12, -2*d + 4*j + 25 = 3*d. Calculate the remainder when 1/3 - 6/v is divided by d.
0
Let a(t) = 2*t**2 - 6*t + 9. What is the remainder when (2 - (2 + 2)) + 50 is divided by a(4)?
14
Suppose m - 92 = -2*u, -27*m - 4*u + 484 = -22*m. Calculate the remainder when 1298 is divided by m.
98
Let x(p) = -p**3 - p**2 - 10. Let h = 13 + -13. Let w be x(h). Let i = w - -17. Calculate the remainder when i is divided by 2.
1
What is the remainder when ((-96)/288)/((-2)/642) is divided by ((-2)/(-3))/(4/30)?
2
Suppose 8 = o + 3*o, -5*o = 2*h - 14. What is the remainder when 57 is divided by (0 + 2 + 13)/(2/h)?
12
Suppose 0 = -3*j - 3*t + 149 + 196, -5 = -t. Calculate the remainder when j is divided by 8.
6
Suppose -2*s + 1491 = 5*d, -5*s - 279 - 300 = -2*d. Calculate the remainder when d is divided by 76.
69
Let k(i) = 8*i**2 + 11*i + 1. Let d be k(7). Suppose 5*c + d = 10*c. Calculate the remainder when c is divided by 16.
14
Let v(r) = 16*